10
Let z = 16 - 5. Let t = -2 - -6. Suppose -t*i - 3*d = -5*i + 49, 2*i - 112 = -d. Calculate the greatest common factor of z and i.
11
Let z = -38 + 48. What is the highest common factor of 30 and z?
10
Let m = 29 + 7. What is the greatest common factor of 216 and m?
36
Let l be -1 - 2 - (-6 - -1). Let o = 8 + -5. Suppose 2*r + l*r = 2*j + 34, j = o*r - 27. What is the greatest common divisor of 25 and r?
5
Suppose 0 - 37 = -2*f + 5*l, 0 = -3*f - 3*l + 3. Calculate the greatest common factor of 30 and f.
6
Suppose 0 = -u + 7 + 4. What is the highest common divisor of 143 and u?
11
Let z(y) = 3*y. Let l be z(3). What is the greatest common divisor of l and 45?
9
Let b(m) = -2*m - 10. Let r(d) = 6*d + 29. Let x(q) = -17*b(q) - 6*r(q). Let a be x(-3). Suppose 20 = a*f - 28. What is the highest common divisor of 8 and f?
8
Let x = -16 + 34. Suppose -2*h = -3*h. Suppose h*k - 45 = -k. Calculate the greatest common divisor of x and k.
9
Let l = -18 - -27. Suppose 12 = l*t - 6*t. What is the highest common divisor of 28 and t?
4
Let u(o) be the first derivative of 1 - 2*o + 2*o - 2*o - 2*o**2. Let v be u(-5). What is the highest common factor of 9 and v?
9
Let m(y) = y**2 + 4*y + 4. Let o be m(-4). Suppose -4*z + 20 = -2*z - o*k, -57 = -5*z + 3*k. Let i = -2 + 50. What is the highest common factor of z and i?
12
Let s(b) = b**2 + 5*b - 4. Let c be s(-6). Suppose -c*d = 2*q - 106, -5*d + 213 = 4*q - 2*d. Calculate the highest common factor of 6 and q.
6
Suppose 12*t - 28 = 11*t. What is the highest common divisor of t and 252?
28
Let r = -63 - -123. Calculate the highest common divisor of 10 and r.
10
Let a(m) = 4*m**3 - m**2 - m - 4. Let i be a(2). What is the greatest common divisor of 2 and i?
2
Suppose -923 = -5*a - 153. What is the highest common divisor of a and 14?
14
Suppose -3*u = -u - 6. Suppose -u*o - o = -32. What is the highest common divisor of 12 and o?
4
Let u(g) = -g**2 + 0*g - 6*g - g + 8. Let h be u(-6). Suppose 2*x = x + h. Calculate the greatest common factor of 56 and x.
14
Suppose 4*i + 74 = -4*z + z, -4*z - 82 = 2*i. Let u be 405/z*12/(-5). What is the highest common factor of u and 135?
27
Let d(u) = -144*u + 4. Let a be d(4). Let h be a/(-6) - 8/(-12). Let i be 13 - (0/(-1) + 1). Calculate the highest common divisor of h and i.
12
Suppose 0 = b - 5*k - 36, 34 = 4*b + 2*k. Suppose 208 + 10 = 5*h + 2*d, 0 = -5*h + 3*d + 223. What is the greatest common divisor of h and b?
11
Let m(j) = -j**2 - 10*j + 11. Let p be m(-11). Suppose v + 2*z - 11 = p, -5*v + v + 36 = 4*z. Calculate the highest common factor of v and 14.
7
Let f be 18/(-4)*(-6)/(-3). Let o(b) = b + 17. Let a be o(f). What is the greatest common factor of a and 2?
2
Let z = 111 - 26. Calculate the greatest common divisor of 34 and z.
17
Let k(c) = c**2 - 6*c - 5. Let m be k(6). Let s(l) = -l + 1. Let x be s(m). Suppose 375 = x*j - j. Calculate the highest common divisor of j and 30.
15
Let o(r) = r**3 + 8*r**2 + 12*r + 2. Let g be o(-4). Let j = 7 + -5. Let i = 10 + j. What is the highest common factor of g and i?
6
Let n = -50 - -77. Calculate the highest common factor of n and 36.
9
Let u(r) = 4*r**2 - 1. Let o be u(-1). Suppose o*k + 4*v = 2*v + 3, 0 = 5*k + v - 12. Let i be 3*1 - (-10 - -1). What is the greatest common factor of k and i?
3
Suppose -2*b + 3*c + 435 = 0, b + 4*b - 2*c - 1082 = 0. Calculate the highest common factor of b and 27.
27
Let q(h) = -h**3 + 5*h**2 + 21*h + 8. Let z be q(7). Suppose 5*j - 2*j = -a + 50, -3*a - 5*j = -134. What is the highest common divisor of z and a?
19
Let q(j) = -j**2 - 14*j - 19. Let i be q(-11). What is the highest common divisor of i and 14?
14
Let y(h) = -3*h + 13. Let p be y(-7). What is the highest common factor of p and 68?
34
Let b(m) = m**2 + 3*m - 3. Suppose -3*j + 2 + 13 = 0. Suppose n - j*n - 20 = 0. Let y be b(n). Calculate the highest common divisor of y and 21.
7
Let y(v) = 3 - 6*v - 2 + 0. Let w be y(1). Let x = w + 9. Calculate the highest common factor of x and 10.
2
Let h(b) = -3*b - 6. Let l be h(-5). Let s be 26/6 + (-6)/(-9). Suppose -s*g + 3 = -42. What is the greatest common factor of g and l?
9
Suppose -3*o + 4 - 61 = 0. Let n = o - -37. Let r(u) = 4*u**2 + 2*u. Let i be r(-2). What is the highest common factor of i and n?
6
Suppose -x - 2*d + 3 = 0, -x + 3*x - 2*d = 24. What is the highest common divisor of 63 and x?
9
Suppose -o + 5 = o + f, 3*f - 15 = -2*o. Suppose o = -5*r + 11 + 304. Let y = -23 + r. What is the highest common divisor of 8 and y?
8
Let a(f) = 13*f**3 + 2*f**2 - f. Let k be a(1). What is the highest common divisor of k and 56?
14
Let v = 79 - 56. What is the highest common divisor of 207 and v?
23
Suppose 0*l = -5*p - 4*l + 11, 0 = 3*l + 3. Let d be 16/p + (-4)/(-6). What is the highest common factor of d and 18?
6
Let n(b) = -6*b - 5. Let a be n(-6). What is the greatest common factor of 124 and a?
31
Let d = 10 + 1. Let l(g) = 2*g**2 + 4*g + 7. Let z be l(-7). Calculate the greatest common divisor of z and d.
11
Let h(x) = -11*x - 2. Let w be h(-1). What is the greatest common divisor of w and 27?
9
Let p = 7 + -4. Suppose 15 = -p*m + 2*m. Let j = 33 + m. Calculate the highest common factor of j and 162.
18
Let d = 9 + -7. Calculate the greatest common divisor of 1 and d.
1
Let o be 494/14 + (-12)/42. What is the highest common factor of o and 70?
35
Suppose -3*k + 14 = -k + 2*b, 5 = -k - 5*b. Suppose -45 = 5*v - k*v. What is the highest common divisor of v and 6?
3
Let c(v) = -v**2 + v + 1. Let b = -6 - -10. Suppose 5*z = 3*n, n - b*n = 0. Let j be c(z). What is the highest common factor of j and 4?
1
Let n = 8 + -6. Let z be 100/2*n + -1. Suppose 0 = 4*g - 2*k - 34, 0 = -0*g + 2*g - 5*k + 3. Calculate the highest common divisor of z and g.
11
Suppose 0*x + x = 2, 2*n + x = 444. Calculate the highest common divisor of n and 13.
13
Let j(a) = -a**3 + 4*a**2 + 7*a - 4. Let h be j(3). What is the highest common divisor of h and 130?
26
Let j(n) = n + 8. Let x be j(6). What is the highest common factor of x and 14?
14
Let j(t) = t**3 + 8*t**2 + 3*t - 8. Let z be ((-7)/(-4))/(1/(-4)). Let i be j(z). Calculate the highest common divisor of i and 30.
10
Let x(y) = -4*y - 20. Let d be x(-10). Calculate the greatest common divisor of d and 100.
20
Let g(f) = f**2 + 6*f - 9. Let r be g(-9). What is the greatest common divisor of 54 and r?
18
Let r = 101 - 61. Let o = -11 - -27. What is the highest common divisor of o and r?
8
Let i(d) = -d**3 + 7*d**2 - 7*d + 8. Let a be i(6). Let y(g) = -4*g - 2. Let j be y(-4). Calculate the highest common factor of a and j.
2
Let v = 1 - -7. Let x = 4 - 2. Let u(c) = c**2 - 2. Let t be u(x). What is the greatest common divisor of v and t?
2
Let g = 25 + -15. Calculate the highest common divisor of g and 50.
10
Suppose -b - 2*b + 240 = 0. Let t be (-4)/(-2)*(-5)/(-1). What is the greatest common divisor of t and b?
10
Let r = -7 + 7. Let t be (2 - (0 + r)) + 23. Calculate the greatest common divisor of t and 100.
25
Suppose 5*p + 23 - 3 = 0. Let d be (0/3)/(4/p). Suppose -5*y + l + 222 = 0, 5*l = 3*y - d*l - 142. Calculate the greatest common factor of 11 and y.
11
Let n be 1*(6 - -1) - 2. Suppose -2*z = 3*z - 275. What is the greatest common divisor of n and z?
5
Let o(m) = -m**3 - 16*m**2 - 27*m + 21. Let w be o(-14). What is the greatest common divisor of w and 42?
7
Suppose 5*l = -2*w + 1880, -5*w + 2*w = -5*l + 1855. Calculate the greatest common factor of l and 34.
34
Let o be (24/(-10))/((-6)/15). Calculate the greatest common factor of 6 and o.
6
Let c(z) = z**2 - 3*z + 2. Let u(q) = -q**2 + 2*q - 2. Let p(b) = -3*c(b) - 4*u(b). Let y be p(-7). What is the greatest common divisor of y and 110?
22
Let z = -20 + 34. Let u be (572/(-77))/((-4)/z). What is the greatest common divisor of 286 and u?
26
Suppose 64 = -4*k + 352. What is the greatest common divisor of 9 and k?
9
Let w be 2 + ((-196)/(-2))/2. Suppose 2*m - 4*m = -68. Calculate the highest common divisor of m and w.
17
Let m be 40/(-5) + 14 - -14. Let d = -4 - -6. Suppose 3*y - 3*r - 57 = 0, d*r = 4*r - 2. Calculate the greatest common divisor of m and y.
20
Let v = -13 + 7. Let t be (25/(-30))/(1/v). Calculate the highest common divisor of t and 50.
5
Let v = -11 - -14. Suppose